{"id":6983,"date":"2025-03-06T11:02:07","date_gmt":"2025-03-06T14:02:07","guid":{"rendered":"https:\/\/boutiquerubifenix.com.br\/index.php\/produto\/kit-8-pecas-talheres-alimentacao-bebe-silicone-kit-talheres-infantil-com-ventosa-canudo-colher-babador-garfo\/"},"modified":"2025-03-06T11:02:39","modified_gmt":"2025-03-06T14:02:39","slug":"kit-8-pecas-talheres-alimentacao-bebe-silicone-kit-talheres-infantil-com-ventosa-canudo-colher-babador-garfo","status":"publish","type":"product","link":"https:\/\/boutiquerubifenix.com.br\/index.php\/produto\/kit-8-pecas-talheres-alimentacao-bebe-silicone-kit-talheres-infantil-com-ventosa-canudo-colher-babador-garfo\/","title":{"rendered":"kit 8 Pe\u00e7as Talheres alimenta\u00e7\u00e3o beb\u00ea silicone  kit Talheres Infantil Com Ventosa Canudo Colher Babador Garfo"},"content":{"rendered":"<p>https:\/\/shopee.com.br\/kit-8-Pe%C3%A7as-Talheres-alimenta%C3%A7%C3%A3o-beb%C3%AA-silicone-kit-Talheres-Infantil-Com-Ventosa-Canudo-Colher-Babador-Garfo-i.402470592.23193631976?sp_atk=2013d23f-322b-4847-9524-aaeba8f4b920&#038;xptdk=2013d23f-322b-4847-9524-aaeba8f4b920<\/p>\n","protected":false},"excerpt":{"rendered":"<p>https:\/\/shopee.com.br\/kit-8-Pe%C3%A7as-Talheres-alimenta%C3%A7%C3%A3o-beb%C3%AA-silicone-kit-Talheres-Infantil-Com-Ventosa-Canudo-Colher-Babador-Garfo-i.402470592.23193631976?sp_atk=2013d23f-322b-4847-9524-aaeba8f4b920&#038;xptdk=2013d23f-322b-4847-9524-aaeba8f4b920<\/p>\n","protected":false},"featured_media":6982,"comment_status":"open","ping_status":"closed","template":"","meta":[],"product_brand":[],"product_cat":[35],"product_tag":[],"class_list":{"0":"post-6983","1":"product","2":"type-product","3":"status-publish","4":"has-post-thumbnail","6":"product_cat-infantil","8":"first","9":"instock","10":"shipping-taxable","11":"product-type-external"},"_links":{"self":[{"href":"https:\/\/boutiquerubifenix.com.br\/index.php\/wp-json\/wp\/v2\/product\/6983","targetHints":{"allow":["GET"]}}],"collection":[{"href":"https:\/\/boutiquerubifenix.com.br\/index.php\/wp-json\/wp\/v2\/product"}],"about":[{"href":"https:\/\/boutiquerubifenix.com.br\/index.php\/wp-json\/wp\/v2\/types\/product"}],"replies":[{"embeddable":true,"href":"https:\/\/boutiquerubifenix.com.br\/index.php\/wp-json\/wp\/v2\/comments?post=6983"}],"wp:featuredmedia":[{"embeddable":true,"href":"https:\/\/boutiquerubifenix.com.br\/index.php\/wp-json\/wp\/v2\/media\/6982"}],"wp:attachment":[{"href":"https:\/\/boutiquerubifenix.com.br\/index.php\/wp-json\/wp\/v2\/media?parent=6983"}],"wp:term":[{"taxonomy":"product_brand","embeddable":true,"href":"https:\/\/boutiquerubifenix.com.br\/index.php\/wp-json\/wp\/v2\/product_brand?post=6983"},{"taxonomy":"product_cat","embeddable":true,"href":"https:\/\/boutiquerubifenix.com.br\/index.php\/wp-json\/wp\/v2\/product_cat?post=6983"},{"taxonomy":"product_tag","embeddable":true,"href":"https:\/\/boutiquerubifenix.com.br\/index.php\/wp-json\/wp\/v2\/product_tag?post=6983"}],"curies":[{"name":"wp","href":"https:\/\/api.w.org\/{rel}","templated":true}]}}