{"id":6900,"date":"2025-02-04T20:55:32","date_gmt":"2025-02-04T23:55:32","guid":{"rendered":"https:\/\/boutiquerubifenix.com.br\/index.php\/produto\/massageador-suporte-para-joelho-massagem-eletrica-de-pressao-de-ar-no-joelho-airbag-aquecimento-vibracao-massagem-nas-pernas-compressa-quente-joelheira\/"},"modified":"2025-11-18T16:15:26","modified_gmt":"2025-11-18T19:15:26","slug":"massageador-suporte-para-joelho-massagem-eletrica-de-pressao-de-ar-no-joelho-airbag-aquecimento-vibracao-massagem-nas-pernas-compressa-quente-joelheira","status":"publish","type":"product","link":"https:\/\/boutiquerubifenix.com.br\/index.php\/produto\/massageador-suporte-para-joelho-massagem-eletrica-de-pressao-de-ar-no-joelho-airbag-aquecimento-vibracao-massagem-nas-pernas-compressa-quente-joelheira\/","title":{"rendered":"Massageador, suporte para joelho Massagem el\u00e9trica de press\u00e3o de ar no joelho, airbag, aquecimento, vibra\u00e7\u00e3o, massagem nas pernas, compressa quente, joelheira."},"content":{"rendered":"<h1>ESPECIFICA&Ccedil;&Otilde;ES<\/p>\n<p>Marca: hailicare<\/p>\n<p>Eletr&ocirc;nico: SIM<\/p>\n<p>Certifica&ccedil;&atilde;o: CE<\/p>\n<p>Origem:China continental<\/p>\n<p>Produto qu&iacute;mico relacionado ao Hign: Nenhum<\/p>\n<p>Material: ABS &amp; TPR<\/p>\n<p>Aplica&ccedil;&atilde;o: LeG<\/p>\n<p>Tipo de Item: Massagem &amp; Relaxamento<\/p>\n<p>Escolha: sim<\/h1>\n<p>&nbsp;<\/p>\n<div class=\"detailmodule_text\">\n<p style=\"font-family:OpenSans;font-size:20px;font-weight:900;line-height:28px;margin-bottom:12px\" class=\"detail-desc-decorate-title\">Features:<\/p>\n<p style=\"font-family:OpenSans;font-size:14px;font-weight:300;line-height:20px;margin-bottom:12px\" class=\"detail-desc-decorate-content\">1.Multifunctional heating massage knee pads, vibration massage + hot compress +Red Light Irradiation, gently care for your knee joint health.<br \/>2.360\u00b0 all-round wrap around the knee, covering and massaging more acupoints, effectively releasing the pressure on the knee.<br \/>3.High frequency vibration massage . Simulate the real massage technique, the massage effect is better, and the use feeling is more comfortable.<br \/>4.Constant temperature hot compress (45\u00b0C\/55\u00b0C\/65\u00b0C), 3 temperature adjustment, take care of your knee joint with the most suitable temperature for you, relieve knee pain and discomfort.<\/p>\n<\/div>\n<div class=\"detailmodule_text\">\n<p style=\"font-family:OpenSans;font-size:20px;font-weight:900;line-height:28px;margin-bottom:12px\" class=\"detail-desc-decorate-title\">Specifications:<\/p>\n<p style=\"font-family:OpenSans;font-size:14px;font-weight:300;line-height:20px;margin-bottom:12px\" class=\"detail-desc-decorate-content\">Input voltage: 5VDC\/2A(USB)<br \/>Rated voltage: 5V<br \/>Power: 10W<br \/>Working voltage: 3.7V<br \/>Lithium battery: 3600mAh<br \/>Far-infrared lamp beads: 16<br \/>Packing size: 27.6*11*19.5cm<br \/>Band size: 30cm*12cm*14cm<br \/>Body length: 24cm<\/p>\n<\/div>\n<div class=\"detailmodule_image\"><img decoding=\"async\" class=\"detail-desc-decorate-image\" src=\"https:\/\/ae01.alicdn.com\/kf\/Sd5c0db20ebe141c094fe76b14def76bdJ.jpg\" \/><img decoding=\"async\" class=\"detail-desc-decorate-image\" src=\"https:\/\/ae01.alicdn.com\/kf\/S3752f0ee23634501b4237c14f9d5a3d62.jpg\" \/><img decoding=\"async\" class=\"detail-desc-decorate-image\" src=\"https:\/\/ae01.alicdn.com\/kf\/Safb9cbe3db434a7593074764d4075cb7u.jpg\" \/><img decoding=\"async\" class=\"detail-desc-decorate-image\" src=\"https:\/\/ae01.alicdn.com\/kf\/S08dcea2adb0440c1ac763fdcb9a4d3a2M.jpg\" \/><img decoding=\"async\" class=\"detail-desc-decorate-image\" src=\"https:\/\/ae01.alicdn.com\/kf\/Sf53762a4d9cf4be7a1a0544b3c475cb7D.jpg\" \/><img decoding=\"async\" class=\"detail-desc-decorate-image\" src=\"https:\/\/ae01.alicdn.com\/kf\/S6b1461a176e04a478e86cfea65b3d6d5u.jpg\" \/><img decoding=\"async\" class=\"detail-desc-decorate-image\" src=\"https:\/\/ae01.alicdn.com\/kf\/Sfc4e6ff0340340e8b662d070215abd90d.jpg\" \/><img decoding=\"async\" class=\"detail-desc-decorate-image\" src=\"https:\/\/ae01.alicdn.com\/kf\/S255606672c8a477188825ea53bff45667.jpg\" \/><img decoding=\"async\" class=\"detail-desc-decorate-image\" src=\"https:\/\/ae01.alicdn.com\/kf\/S806643cfd983491e92d8d8d284574cf7p.jpg\" \/><img decoding=\"async\" class=\"detail-desc-decorate-image\" src=\"https:\/\/ae01.alicdn.com\/kf\/S5d1226bc4f8f4d2abdecf92764c230b67.jpg\" \/><\/div>\n<div class=\"detailmodule_text\">\n<p style=\"font-family:OpenSans;font-size:20px;font-weight:900;line-height:28px;margin-bottom:12px\" class=\"detail-desc-decorate-title\">Packing List:<\/p>\n<p style=\"font-family:OpenSans;font-size:14px;font-weight:300;line-height:20px;margin-bottom:12px\" class=\"detail-desc-decorate-content\">1* host<br \/>1* Wormwood bag<br \/>1* Electrode wire<br \/>1 pair* patches<br \/>1* TYPE-C Charging Cable<br \/>1* English User Manual<br \/>1* Packing Box<\/p>\n<\/div>\n<div class=\"detailmodule_image\"><img decoding=\"async\" class=\"detail-desc-decorate-image\" src=\"https:\/\/ae01.alicdn.com\/kf\/Sfec6f338816f45569f8c801d831c5266v.jpg\" \/><img decoding=\"async\" class=\"detail-desc-decorate-image\" src=\"https:\/\/ae01.alicdn.com\/kf\/S4505ee178916471bbdb5e4564337c551d.jpg\" \/><img decoding=\"async\" class=\"detail-desc-decorate-image\" src=\"https:\/\/ae01.alicdn.com\/kf\/S25fd2aa645fc43a3b17486cd17ae54ddN.jpg\" \/><\/div>\n<div class=\"detailmodule_text\">\n<p style=\"font-family:OpenSans;font-size:20px;font-weight:900;line-height:28px;margin-bottom:12px\" class=\"detail-desc-decorate-title\">Precautions:<\/p>\n<p style=\"font-family:OpenSans;font-size:14px;font-weight:300;line-height:20px;margin-bottom:12px\" class=\"detail-desc-decorate-content\">1. Before the first use, please fully charge the product (charge for about 2-3 hours).<br \/>2. It is recommended not to completely drain the battery before charging.<br \/>3. When the power indicator flashes, please charge in time.<\/p>\n<\/div>\n<p><\/p>\n","protected":false},"excerpt":{"rendered":"<p>ESPECIFICA&Ccedil;&Otilde;ES Marca: hailicare Eletr&ocirc;nico: SIM Certifica&ccedil;&atilde;o: CE Origem:China continental Produto qu&iacute;mico relacionado ao Hign: Nenhum Material: ABS &amp; TPR Aplica&ccedil;&atilde;o: LeG Tipo de Item: Massagem &amp; Relaxamento Escolha: sim &nbsp; Features: 1.Multifunctional heating massage knee pads, vibration massage + hot compress +Red Light Irradiation, gently care for your knee joint health.2.360\u00b0 all-round wrap around the [&hellip;]<\/p>\n","protected":false},"featured_media":6883,"comment_status":"open","ping_status":"closed","template":"","meta":[],"product_brand":[],"product_cat":[96],"product_tag":[],"class_list":{"0":"post-6900","1":"product","2":"type-product","3":"status-publish","4":"has-post-thumbnail","6":"product_cat-achadinhos-rubi","8":"first","9":"instock","10":"shipping-taxable","11":"purchasable","12":"product-type-simple"},"_links":{"self":[{"href":"https:\/\/boutiquerubifenix.com.br\/index.php\/wp-json\/wp\/v2\/product\/6900","targetHints":{"allow":["GET"]}}],"collection":[{"href":"https:\/\/boutiquerubifenix.com.br\/index.php\/wp-json\/wp\/v2\/product"}],"about":[{"href":"https:\/\/boutiquerubifenix.com.br\/index.php\/wp-json\/wp\/v2\/types\/product"}],"replies":[{"embeddable":true,"href":"https:\/\/boutiquerubifenix.com.br\/index.php\/wp-json\/wp\/v2\/comments?post=6900"}],"wp:featuredmedia":[{"embeddable":true,"href":"https:\/\/boutiquerubifenix.com.br\/index.php\/wp-json\/wp\/v2\/media\/6883"}],"wp:attachment":[{"href":"https:\/\/boutiquerubifenix.com.br\/index.php\/wp-json\/wp\/v2\/media?parent=6900"}],"wp:term":[{"taxonomy":"product_brand","embeddable":true,"href":"https:\/\/boutiquerubifenix.com.br\/index.php\/wp-json\/wp\/v2\/product_brand?post=6900"},{"taxonomy":"product_cat","embeddable":true,"href":"https:\/\/boutiquerubifenix.com.br\/index.php\/wp-json\/wp\/v2\/product_cat?post=6900"},{"taxonomy":"product_tag","embeddable":true,"href":"https:\/\/boutiquerubifenix.com.br\/index.php\/wp-json\/wp\/v2\/product_tag?post=6900"}],"curies":[{"name":"wp","href":"https:\/\/api.w.org\/{rel}","templated":true}]}}