{"id":6842,"date":"2025-02-04T20:22:23","date_gmt":"2025-02-04T23:22:23","guid":{"rendered":"https:\/\/boutiquerubifenix.com.br\/index.php\/produto\/35000-maquina-de-tatuagem-sobrancelha-dermograph-maquiagem-permanente-microblading-motor-suico\/"},"modified":"2025-02-04T20:22:54","modified_gmt":"2025-02-04T23:22:54","slug":"35000-maquina-de-tatuagem-sobrancelha-dermograph-maquiagem-permanente-microblading-motor-suico","status":"publish","type":"product","link":"https:\/\/boutiquerubifenix.com.br\/index.php\/produto\/35000-maquina-de-tatuagem-sobrancelha-dermograph-maquiagem-permanente-microblading-motor-suico\/","title":{"rendered":"35000 M\u00e1quina de tatuagem sobrancelha Dermograph, maquiagem permanente Microblading  motor su\u00ed\u00e7o."},"content":{"rendered":"<h1>&nbsp;<\/h1>\n<p>ESPECIFICA&Ccedil;&Otilde;ES<\/p>\n<p>Marca: JARCY. C<\/p>\n<p>Origem:China continental<\/p>\n<p>Certifica&ccedil;&atilde;o: CE<\/p>\n<p>N&uacute;mero do modelo: m&aacute;quina de tatuagem<\/p>\n<p>Type1: m&aacute;quina de tatuagem<\/p>\n<p>Type2: pena do tatuagem<\/p>\n<p>Type3: m&aacute;quina microblading<\/p>\n<p>Type4: M&aacute;quina permanente da composi&ccedil;&atilde;o<\/p>\n<p>Type5: m&aacute;quina da sobrancelha<\/p>\n<p>Type6: m&aacute;quina su&iacute;&ccedil;a do tatuagem do motor<\/p>\n<p>Type7: M&aacute;quina da UGP<\/p>\n<p>Type8: pena su&iacute;&ccedil;a do tatuagem do motor<\/p>\n<p>Tipo 9: Delineador de l&aacute;bios de sobrancelhas<\/p>\n<div>\n<div><\/div>\n<p style=\"font-family:OpenSans;font-size:20px;font-weight:900;line-height:28px;margin-bottom:12px\" class=\"detail-desc-decorate-title\">35000 Tattoo Machine Dermograph Permanent Makeup Machine Permanent Universal Microblading Tattoo Eyebrow Swiss Motor Machine\u00a0<\/p>\n<div style=\", Roboto, Arial, Helvetica, sans-serif, SimSun;font-size:14px;font-weight:400;letter-spacing:normal;text-align:start;margin:0px 0px 12px;margin-bottom:12px;margin-top:0px;margin-left:0px;margin-right:0px;padding:0px;padding-bottom:0px;padding-top:0px;padding-left:0px;padding-right:0px;display:flex\" align=\"start\"><\/div>\n<p style=\"font-family:OpenSans;font-size:14px;font-weight:300;line-height:20px;margin-bottom:12px\" class=\"detail-desc-decorate-content\">New permanent makeup machine- 35000R\/M<\/p>\n<p>Suitable for eyebrows, eyelids and lips,also for small tattoo design.great design and top quality ,low noise muffled,also have long time guarantee.Be able to bear the attrition.The working life is two twice longer than ordinary permanent makeup machines.<\/p>\n<p>Note: pls remark the USA Plug or Euro Plug in your order,or we will send you US Plug or EU Plug Randomly,thanks<\/p>\n<p>The kit includs:<br \/>1 X Suitable adapter (Europe or America)<br \/>1 x machine box<br \/>1 x Pen box<br \/>10 x Needles<br \/>10 x Needles Caps<\/p>\n<\/div>\n<div><img decoding=\"async\" class=\"detail-desc-decorate-image\" src=\"https:\/\/ae01.alicdn.com\/kf\/S2b68ea3d507f4e259bbe96db693e9cc0F.jpg?width=800&amp;height=800&amp;hash=1600\" \/> <img decoding=\"async\" class=\"detail-desc-decorate-image\" src=\"https:\/\/ae01.alicdn.com\/kf\/S8fce2cdbfe1144d4b654c95e4cba3792t.jpg?width=800&amp;height=800&amp;hash=1600\" \/> <img decoding=\"async\" class=\"detail-desc-decorate-image\" src=\"https:\/\/ae01.alicdn.com\/kf\/Sba68dc3c313d4a72b588b17cce94aff8K.jpg?width=800&amp;height=800&amp;hash=1600\" \/> <img decoding=\"async\" class=\"detail-desc-decorate-image\" src=\"https:\/\/ae01.alicdn.com\/kf\/S822b9de28f524b08b29b79cccad08997s.jpg?width=800&amp;height=800&amp;hash=1600\" \/> <img decoding=\"async\" class=\"detail-desc-decorate-image\" src=\"https:\/\/ae01.alicdn.com\/kf\/S2ebbb75c5dda42eab3ae99ae93458d4ah.jpg?width=800&amp;height=800&amp;hash=1600\" \/> <img decoding=\"async\" class=\"detail-desc-decorate-image\" src=\"https:\/\/ae01.alicdn.com\/kf\/S809c62b20c76418ab55ddcfbb6c889108.jpg?width=800&amp;height=800&amp;hash=1600\" \/> <img decoding=\"async\" class=\"detail-desc-decorate-image\" src=\"https:\/\/ae01.alicdn.com\/kf\/Sd1f55afaf72243ee8efa850a6986e7a05.jpg?width=800&amp;height=800&amp;hash=1600\" \/> <img decoding=\"async\" class=\"detail-desc-decorate-image\" src=\"https:\/\/ae01.alicdn.com\/kf\/Sd4b892f0a7254652b6b1756b5990c794z.jpg?width=800&amp;height=800&amp;hash=1600\" \/> <img decoding=\"async\" class=\"detail-desc-decorate-image\" src=\"https:\/\/ae01.alicdn.com\/kf\/S40bab1d78ff34a239f9c12becd2577c16.jpg?width=800&amp;height=800&amp;hash=1600\" \/><\/div>\n<div><img decoding=\"async\" class=\"detail-desc-decorate-image\" src=\"https:\/\/ae01.alicdn.com\/kf\/S1e5c6608c3b140e7b55587ae1268f0bay.jpg?width=800&amp;height=800&amp;hash=1600\" \/> <img decoding=\"async\" class=\"detail-desc-decorate-image\" src=\"https:\/\/ae01.alicdn.com\/kf\/Se85a806a050d42f19b08d97340e66812I.jpg?width=800&amp;height=800&amp;hash=1600\" \/> <img decoding=\"async\" class=\"detail-desc-decorate-image\" src=\"https:\/\/ae01.alicdn.com\/kf\/S3fd21b2cb8ec4e4e9dc3b82c18ec5e62v.jpg?width=800&amp;height=800&amp;hash=1600\" \/> <img decoding=\"async\" class=\"detail-desc-decorate-image\" src=\"https:\/\/ae01.alicdn.com\/kf\/S26e1c3812c5249d7a7b1ac7ea6b12952v.jpg?width=800&amp;height=800&amp;hash=1600\" \/><\/div>\n<div>\u00a0<\/div>\n<p><\/p>\n","protected":false},"excerpt":{"rendered":"<p>&nbsp; ESPECIFICA&Ccedil;&Otilde;ES Marca: JARCY. C Origem:China continental Certifica&ccedil;&atilde;o: CE N&uacute;mero do modelo: m&aacute;quina de tatuagem Type1: m&aacute;quina de tatuagem Type2: pena do tatuagem Type3: m&aacute;quina microblading Type4: M&aacute;quina permanente da composi&ccedil;&atilde;o Type5: m&aacute;quina da sobrancelha Type6: m&aacute;quina su&iacute;&ccedil;a do tatuagem do motor Type7: M&aacute;quina da UGP Type8: pena su&iacute;&ccedil;a do tatuagem do motor Tipo 9: [&hellip;]<\/p>\n","protected":false},"featured_media":6816,"comment_status":"open","ping_status":"closed","template":"","meta":[],"product_brand":[],"product_cat":[96],"product_tag":[],"class_list":{"0":"post-6842","1":"product","2":"type-product","3":"status-publish","4":"has-post-thumbnail","6":"product_cat-achadinhos-rubi","8":"first","9":"instock","10":"shipping-taxable","11":"purchasable","12":"product-type-variable"},"_links":{"self":[{"href":"https:\/\/boutiquerubifenix.com.br\/index.php\/wp-json\/wp\/v2\/product\/6842","targetHints":{"allow":["GET"]}}],"collection":[{"href":"https:\/\/boutiquerubifenix.com.br\/index.php\/wp-json\/wp\/v2\/product"}],"about":[{"href":"https:\/\/boutiquerubifenix.com.br\/index.php\/wp-json\/wp\/v2\/types\/product"}],"replies":[{"embeddable":true,"href":"https:\/\/boutiquerubifenix.com.br\/index.php\/wp-json\/wp\/v2\/comments?post=6842"}],"wp:featuredmedia":[{"embeddable":true,"href":"https:\/\/boutiquerubifenix.com.br\/index.php\/wp-json\/wp\/v2\/media\/6816"}],"wp:attachment":[{"href":"https:\/\/boutiquerubifenix.com.br\/index.php\/wp-json\/wp\/v2\/media?parent=6842"}],"wp:term":[{"taxonomy":"product_brand","embeddable":true,"href":"https:\/\/boutiquerubifenix.com.br\/index.php\/wp-json\/wp\/v2\/product_brand?post=6842"},{"taxonomy":"product_cat","embeddable":true,"href":"https:\/\/boutiquerubifenix.com.br\/index.php\/wp-json\/wp\/v2\/product_cat?post=6842"},{"taxonomy":"product_tag","embeddable":true,"href":"https:\/\/boutiquerubifenix.com.br\/index.php\/wp-json\/wp\/v2\/product_tag?post=6842"}],"curies":[{"name":"wp","href":"https:\/\/api.w.org\/{rel}","templated":true}]}}