{"id":6465,"date":"2024-12-06T18:13:34","date_gmt":"2024-12-06T21:13:34","guid":{"rendered":"https:\/\/boutiquerubifenix.com.br\/index.php\/produto\/conjuntos-femininos-de-manga-comprida-de-2-pecas-casuais-bolsos-de-botao-calca-curta-com-camisas\/"},"modified":"2024-12-06T18:15:03","modified_gmt":"2024-12-06T21:15:03","slug":"conjuntos-femininos-de-manga-comprida-de-2-pecas-casuais-bolsos-de-botao-calca-curta-com-camisas","status":"publish","type":"product","link":"https:\/\/boutiquerubifenix.com.br\/index.php\/produto\/conjuntos-femininos-de-manga-comprida-de-2-pecas-casuais-bolsos-de-botao-calca-curta-com-camisas\/","title":{"rendered":"Conjuntos femininos de manga comprida de 2 pe\u00e7as casuais bolsos de bot\u00e3o cal\u00e7a curta com camisas"},"content":{"rendered":"<h1>&nbsp;<\/h1>\n<p>ESPECIFICA&Ccedil;&Otilde;ES<\/p>\n<p>Nome da marca: PAVEHAWK<\/p>\n<p>Idade: MEIA-IDADE<\/p>\n<p>Material: POLI&Eacute;STER<\/p>\n<p>Elasticidade: N&atilde;o Strech<\/p>\n<p>Tipo de tecido: Lona fina<\/p>\n<p>Estilo: Senhora do escrit&oacute;rio<\/p>\n<p>Produto qu&iacute;mico relacionado ao Hign: Nenhum<\/p>\n<p>Tipo de padr&atilde;o: S&oacute;lido<\/p>\n<p>Tipo de ajuste: SOLTO<\/p>\n<p>Esta&ccedil;&atilde;o: Primavera\/Ver&atilde;o<\/p>\n<p>Decora&ccedil;&atilde;o: Bot&atilde;o<\/p>\n<p>Decora&ccedil;&atilde;o: Bolsos<\/p>\n<p>G&ecirc;nero: MULHERES<\/p>\n<p>Data de lan&ccedil;amento: Primavera de 2024<\/p>\n<p>Padr&otilde;es de roupas: SOLTO<\/p>\n<p>Comprimento da roupa: longo (26 + polegadas)<\/p>\n<p>Lugar de origem: China (continente)<\/p>\n<p>Comprimento da cal&ccedil;a (cm): shorts<\/p>\n<p>Colarinho: Colarinho virado para baixo<\/p>\n<p>Tipo de fechamento: &Uacute;nico Breasted<\/p>\n<p>Estilo da manga: regular<\/p>\n<p>Origem:China continental<\/p>\n<p>CN: Guangdong<\/p>\n<p>Tipo de fechamento da cal&ccedil;a: cintura el&aacute;stica<\/p>\n<p>Comprimento da manga (cm): Cheio<\/p>\n<p>Escolha: sim<\/p>\n<div class=\"detailmodule_media\">\n<div class=\"video-container-5000113972110\">\n<div class=\"detail-video\" id=\"5000113972110\" data-previewurl=\"https:\/\/ae01.alicdn.com\/kf\/Se5985068336e4114a21b128a998b6cf28.jpg\"><\/div>\n<\/div>\n<\/div>\n<div class=\"detailmodule_image\"><img decoding=\"async\" class=\"detail-desc-decorate-image\" src=\"https:\/\/ae01.alicdn.com\/kf\/S575e0f0ce43e43d6bf28b53c05d24d72I.jpg\" \/><img decoding=\"async\" class=\"detail-desc-decorate-image\" src=\"https:\/\/ae01.alicdn.com\/kf\/A22e14531ffe041b398e2f7c54b9f1063x.jpg\" \/><img decoding=\"async\" class=\"detail-desc-decorate-image\" src=\"https:\/\/ae01.alicdn.com\/kf\/Seb3009be55df4cdb8a585e31a3e74b1bX.jpg\" \/><\/div>\n<div class=\"detailmodule_image\"><img decoding=\"async\" class=\"detail-desc-decorate-image\" src=\"https:\/\/ae01.alicdn.com\/kf\/Sfa0b1260c64c437b89cecb0fffd9be19v.jpg\" \/><\/div>\n<div class=\"detailmodule_image\"><img decoding=\"async\" class=\"detail-desc-decorate-image\" src=\"https:\/\/ae01.alicdn.com\/kf\/A3d0c4d930edf4befad1cc713f4d0b364O.jpg\" \/><\/div>\n<div class=\"detailmodule_image\"><img decoding=\"async\" class=\"detail-desc-decorate-image\" src=\"https:\/\/ae01.alicdn.com\/kf\/Aed159d50bc1a462fa66fecfc17b33c59l.jpg\" \/><img decoding=\"async\" class=\"detail-desc-decorate-image\" src=\"https:\/\/ae01.alicdn.com\/kf\/Ac29f87a010f7444ca2fc7159929bca15c.jpg\" \/><img decoding=\"async\" class=\"detail-desc-decorate-image\" src=\"https:\/\/ae01.alicdn.com\/kf\/Afa99e21f6d954a24974c0a89126d4158U.jpg\" \/><img decoding=\"async\" class=\"detail-desc-decorate-image\" src=\"https:\/\/ae01.alicdn.com\/kf\/A0792844e4cb74da79409ee6210e19552G.jpg\" \/><img decoding=\"async\" class=\"detail-desc-decorate-image\" src=\"https:\/\/ae01.alicdn.com\/kf\/A11b691d3865a4181914a26c824bae599U.jpg\" \/><\/div>\n<div class=\"detailmodule_image\"><img decoding=\"async\" class=\"detail-desc-decorate-image\" src=\"https:\/\/ae01.alicdn.com\/kf\/A92c8395681f1459e8bdad4e3f8c290a4p.jpg\" \/><img decoding=\"async\" class=\"detail-desc-decorate-image\" src=\"https:\/\/ae01.alicdn.com\/kf\/A0c045510e20343deb0ddd41d97e9f31cL.jpg\" \/><img decoding=\"async\" class=\"detail-desc-decorate-image\" src=\"https:\/\/ae01.alicdn.com\/kf\/A5ac8c7b6785c46298a5b81f434cb48f7s.jpg\" \/><\/div>\n<div class=\"detailmodule_image\"><img decoding=\"async\" class=\"detail-desc-decorate-image\" src=\"https:\/\/ae01.alicdn.com\/kf\/S5cb691e0f55f40cea4c03f1813e47d43k.jpg\" \/><\/div>\n<p><\/p>\n","protected":false},"excerpt":{"rendered":"<p>&nbsp; ESPECIFICA&Ccedil;&Otilde;ES Nome da marca: PAVEHAWK Idade: MEIA-IDADE Material: POLI&Eacute;STER Elasticidade: N&atilde;o Strech Tipo de tecido: Lona fina Estilo: Senhora do escrit&oacute;rio Produto qu&iacute;mico relacionado ao Hign: Nenhum Tipo de padr&atilde;o: S&oacute;lido Tipo de ajuste: SOLTO Esta&ccedil;&atilde;o: Primavera\/Ver&atilde;o Decora&ccedil;&atilde;o: Bot&atilde;o Decora&ccedil;&atilde;o: Bolsos G&ecirc;nero: MULHERES Data de lan&ccedil;amento: Primavera de 2024 Padr&otilde;es de roupas: SOLTO Comprimento [&hellip;]<\/p>\n","protected":false},"featured_media":6464,"comment_status":"open","ping_status":"closed","template":"","meta":[],"product_brand":[],"product_cat":[31],"product_tag":[],"class_list":{"0":"post-6465","1":"product","2":"type-product","3":"status-publish","4":"has-post-thumbnail","6":"product_cat-roupas","8":"first","9":"instock","10":"shipping-taxable","11":"purchasable","12":"product-type-variable"},"_links":{"self":[{"href":"https:\/\/boutiquerubifenix.com.br\/index.php\/wp-json\/wp\/v2\/product\/6465","targetHints":{"allow":["GET"]}}],"collection":[{"href":"https:\/\/boutiquerubifenix.com.br\/index.php\/wp-json\/wp\/v2\/product"}],"about":[{"href":"https:\/\/boutiquerubifenix.com.br\/index.php\/wp-json\/wp\/v2\/types\/product"}],"replies":[{"embeddable":true,"href":"https:\/\/boutiquerubifenix.com.br\/index.php\/wp-json\/wp\/v2\/comments?post=6465"}],"wp:featuredmedia":[{"embeddable":true,"href":"https:\/\/boutiquerubifenix.com.br\/index.php\/wp-json\/wp\/v2\/media\/6464"}],"wp:attachment":[{"href":"https:\/\/boutiquerubifenix.com.br\/index.php\/wp-json\/wp\/v2\/media?parent=6465"}],"wp:term":[{"taxonomy":"product_brand","embeddable":true,"href":"https:\/\/boutiquerubifenix.com.br\/index.php\/wp-json\/wp\/v2\/product_brand?post=6465"},{"taxonomy":"product_cat","embeddable":true,"href":"https:\/\/boutiquerubifenix.com.br\/index.php\/wp-json\/wp\/v2\/product_cat?post=6465"},{"taxonomy":"product_tag","embeddable":true,"href":"https:\/\/boutiquerubifenix.com.br\/index.php\/wp-json\/wp\/v2\/product_tag?post=6465"}],"curies":[{"name":"wp","href":"https:\/\/api.w.org\/{rel}","templated":true}]}}