{"id":3275,"date":"2024-04-17T18:02:00","date_gmt":"2024-04-17T21:02:00","guid":{"rendered":"https:\/\/boutiquerubifenix.com.br\/index.php\/produto\/bolsas-casual-de-alca-ajustavel-alca-superior-saco-grande-2\/"},"modified":"2024-04-17T18:02:36","modified_gmt":"2024-04-17T21:02:36","slug":"bolsas-casual-de-alca-ajustavel-alca-superior-saco-grande-2","status":"publish","type":"product","link":"https:\/\/boutiquerubifenix.com.br\/index.php\/produto\/bolsas-casual-de-alca-ajustavel-alca-superior-saco-grande-2\/","title":{"rendered":"Bolsas casual de al\u00e7a ajust\u00e1vel al\u00e7a superior saco grande"},"content":{"rendered":"<pre>\nESPECIFICA&Ccedil;&Otilde;ES\n\n\nTipo de padr&atilde;o: retalhos\n\nMarca: outro\n\nInterior: bolso interno\n\nInterior: bolso para celular\n\nInterior: bolso interno com z&iacute;per\n\nInterior: compartimento interno\n\nN&uacute;mero de al&ccedil;as\/correias: tr&ecirc;s\n\nFormato: bolsa casual\n\nEstilo: casual\n\nLocal de origem: Prov&iacute;ncia de ZHE JIANG&nbsp;\n\nMaterial do forro: POLI&Eacute;STER\n\nLocal de origem: Prov&iacute;ncia de ZHE JIANG\n\nTipo de bolsas: bolsas\n\nMaterial principal: PU\n\nDecora&ccedil;&atilde;o: nenhuma<\/pre>\n<pre>\nTipo de fechamento: z&iacute;per\n\nCN: Zhejiang\n\nOrigem: China Continental\n\nTipos de bolsas: bolsas de ombro e crossbody\n\nG&ecirc;nero: MULHERES\n\nOcasi&atilde;o: Vers&aacute;til\n\nEscolha: sim<\/pre>\n<p>&nbsp;<\/p>\n<div class=\"ai-description\">\n<div class=\"origin-part box-sizing\">\n<p style=\"font-family: 'Open Sans', sans-serif;font-size: 14px;font-weight: 400;letter-spacing: normal;line-height: inherit;text-align: start;margin: 0px;margin-bottom: 0px;margin-top: 0px;margin-left: 0px;margin-right: 0px;padding: 0px;padding-bottom: 0px;padding-top: 0px;padding-left: 0px;padding-right: 0px\" align=\"start\"> <span><strong>\u2022 Large Capacity :<\/strong><\/span><span>This tote bag has a spacious interior that can accommodate all your essentials, making it perfect for everyday use.<\/span> <\/p>\n<p><\/p>\n<p style=\"font-family: 'Open Sans', sans-serif;font-size: 14px;font-weight: 400;letter-spacing: normal;line-height: inherit;text-align: start;margin: 0px;margin-bottom: 0px;margin-top: 0px;margin-left: 0px;margin-right: 0px;padding: 0px;padding-bottom: 0px;padding-top: 0px;padding-left: 0px;padding-right: 0px\" align=\"start\"> <span><strong>\u2022 Adjustable Strap :<\/strong><\/span><span>The strap is adjustable, allowing you to find the perfect length for your height and comfort level.<\/span> <\/p>\n<p><\/p>\n<p style=\"font-family: 'Open Sans', sans-serif;font-size: 14px;font-weight: 400;letter-spacing: normal;line-height: inherit;text-align: start;margin: 0px;margin-bottom: 0px;margin-top: 0px;margin-left: 0px;margin-right: 0px;padding: 0px;padding-bottom: 0px;padding-top: 0px;padding-left: 0px;padding-right: 0px\" align=\"start\"> <span><strong>\u2022 Versatile Occasion :<\/strong><\/span><span>This tote bag is versatile and can be used for various occasions, whether it&#8217;s for work or leisure.<\/span> <\/p>\n<p><\/p>\n<p style=\"font-family: 'Open Sans', sans-serif;font-size: 14px;font-weight: 400;letter-spacing: normal;line-height: inherit;text-align: start;margin: 0px;margin-bottom: 0px;margin-top: 0px;margin-left: 0px;margin-right: 0px;padding: 0px;padding-bottom: 0px;padding-top: 0px;padding-left: 0px;padding-right: 0px\" align=\"start\"> <span><strong>\u2022 Patchwork Design :<\/strong><\/span><span>The patchwork design adds a unique touch to the bag, making it stand out from other tote bags.<\/span> <\/p>\n<p><\/p>\n<\/p><\/div>\n<\/p><\/div>\n<p><strong>Specification:<\/strong>It&#8217;s a fashion bag for girls and women, used for Daily, Shopping,Travel, Outing and Many Occasions. It can hold your essentials\uff0cfrom lipsticks, wallets, keys, cell phones, makeups and other small accessories.It&#8217;s a perfect gift for teen girls and women, or you can give it to your girlfriend,Mommy. They must love it.<\/p>\n<p><\/p>\n<p> <\/p>\n<p><strong>Size:<\/strong>27cm*11cm*22cm<\/p>\n<p><\/p>\n<p><strong>Color:<\/strong>Black and Pink,Black and Khaki,Red,Green<\/p>\n<p><\/p>\n<p> <\/p>\n<p><strong>Material:<\/strong>High quality PU leather<\/p>\n<p><\/p>\n<p> <\/p>\n<p><strong>Feature:<\/strong>Interior Slot Pocket,Cell Phone Pocket,Interior Zipper Pocket,Interior Compartment<\/p>\n<p><img decoding=\"async\" src=\"https:\/\/ae01.alicdn.com\/kf\/Sb1615d54e41546d08c8961f2e4a62b14R.jpg\"><img decoding=\"async\" src=\"https:\/\/ae01.alicdn.com\/kf\/S720c69e3dfad4dae89d28305f0d90d76J.jpg\"><img decoding=\"async\" src=\"https:\/\/ae01.alicdn.com\/kf\/S0e837233e6df46dd9de83d276256fc0dp.jpg\"><img decoding=\"async\" src=\"https:\/\/ae01.alicdn.com\/kf\/S7436563aafe34b9c8a7c6622e3e0f4b8x.jpg\"><img decoding=\"async\" src=\"https:\/\/ae01.alicdn.com\/kf\/S3e17613981664c79a9ab622bb1903db2T.jpg\"><img decoding=\"async\" src=\"https:\/\/ae01.alicdn.com\/kf\/S4bbafc7a03234a2c9b3b61a891b7c3f9V.jpg\"><img decoding=\"async\" src=\"https:\/\/ae01.alicdn.com\/kf\/S0e7a6409f1e54e328a7c83017064b447k.jpg\"><img decoding=\"async\" src=\"https:\/\/ae01.alicdn.com\/kf\/S62926f270f8943c6af8c737cf280fccfW.jpg\"><img decoding=\"async\" src=\"https:\/\/ae01.alicdn.com\/kf\/S708af4a92ad94a8e8328690a5e5939b7g.jpg\"><img decoding=\"async\" src=\"https:\/\/ae01.alicdn.com\/kf\/S208d2bd471c94d4aaaae0ba11992b2b7A.jpg\"><img decoding=\"async\" src=\"https:\/\/ae01.alicdn.com\/kf\/Sfd1cccb77b6e43819fb86db7d59be128P.jpg\"><img decoding=\"async\" src=\"https:\/\/ae01.alicdn.com\/kf\/S1534a2fa043249f6a828bc37a1e7ccfeU.jpg\"><img decoding=\"async\" src=\"https:\/\/ae01.alicdn.com\/kf\/S8fb214c9bd894296a3a10264f6ae2befe.jpg\"><img decoding=\"async\" src=\"https:\/\/ae01.alicdn.com\/kf\/Sfa58bb47a0694a1c864b8f2b4f431099B.jpg\"><img decoding=\"async\" src=\"https:\/\/ae01.alicdn.com\/kf\/S185a1cd031844f008706ccf48372dc66R.jpg\"><img decoding=\"async\" src=\"https:\/\/ae01.alicdn.com\/kf\/Sba9902e5d5ab44bea3821b9af7f6687d3.jpg\"><img decoding=\"async\" src=\"https:\/\/ae01.alicdn.com\/kf\/S338fc5a0e9244578afac7e38ca938635Y.jpg\"><\/p>\n<p><\/p>\n","protected":false},"excerpt":{"rendered":"<p>ESPECIFICA&Ccedil;&Otilde;ES Tipo de padr&atilde;o: retalhos Marca: outro Interior: bolso interno Interior: bolso para celular Interior: bolso interno com z&iacute;per Interior: compartimento interno N&uacute;mero de al&ccedil;as\/correias: tr&ecirc;s Formato: bolsa casual Estilo: casual Local de origem: Prov&iacute;ncia de ZHE JIANG&nbsp; Material do forro: POLI&Eacute;STER Local de origem: Prov&iacute;ncia de ZHE JIANG Tipo de bolsas: bolsas Material principal: [&hellip;]<\/p>\n","protected":false},"featured_media":3273,"comment_status":"open","ping_status":"closed","template":"","meta":[],"product_brand":[],"product_cat":[32],"product_tag":[],"class_list":{"0":"post-3275","1":"product","2":"type-product","3":"status-publish","4":"has-post-thumbnail","6":"product_cat-bolsas","8":"first","9":"instock","10":"shipping-taxable","11":"purchasable","12":"product-type-variable"},"_links":{"self":[{"href":"https:\/\/boutiquerubifenix.com.br\/index.php\/wp-json\/wp\/v2\/product\/3275","targetHints":{"allow":["GET"]}}],"collection":[{"href":"https:\/\/boutiquerubifenix.com.br\/index.php\/wp-json\/wp\/v2\/product"}],"about":[{"href":"https:\/\/boutiquerubifenix.com.br\/index.php\/wp-json\/wp\/v2\/types\/product"}],"replies":[{"embeddable":true,"href":"https:\/\/boutiquerubifenix.com.br\/index.php\/wp-json\/wp\/v2\/comments?post=3275"}],"wp:featuredmedia":[{"embeddable":true,"href":"https:\/\/boutiquerubifenix.com.br\/index.php\/wp-json\/wp\/v2\/media\/3273"}],"wp:attachment":[{"href":"https:\/\/boutiquerubifenix.com.br\/index.php\/wp-json\/wp\/v2\/media?parent=3275"}],"wp:term":[{"taxonomy":"product_brand","embeddable":true,"href":"https:\/\/boutiquerubifenix.com.br\/index.php\/wp-json\/wp\/v2\/product_brand?post=3275"},{"taxonomy":"product_cat","embeddable":true,"href":"https:\/\/boutiquerubifenix.com.br\/index.php\/wp-json\/wp\/v2\/product_cat?post=3275"},{"taxonomy":"product_tag","embeddable":true,"href":"https:\/\/boutiquerubifenix.com.br\/index.php\/wp-json\/wp\/v2\/product_tag?post=3275"}],"curies":[{"name":"wp","href":"https:\/\/api.w.org\/{rel}","templated":true}]}}