{"id":2977,"date":"2024-04-16T18:27:58","date_gmt":"2024-04-16T21:27:58","guid":{"rendered":"https:\/\/boutiquerubifenix.com.br\/index.php\/produto\/bolsa-de-mao-feminina-brilhante-bolsa-de-mao-em-formato-de-coracao-de-metal-com-corrente-de-ombro-de-luxo\/"},"modified":"2024-04-16T18:28:25","modified_gmt":"2024-04-16T21:28:25","slug":"bolsa-de-mao-feminina-brilhante-bolsa-de-mao-em-formato-de-coracao-de-metal-com-corrente-de-ombro-de-luxo","status":"publish","type":"product","link":"https:\/\/boutiquerubifenix.com.br\/index.php\/produto\/bolsa-de-mao-feminina-brilhante-bolsa-de-mao-em-formato-de-coracao-de-metal-com-corrente-de-ombro-de-luxo\/","title":{"rendered":"Bolsa de m\u00e3o feminina brilhante, bolsa de m\u00e3o em formato de cora\u00e7\u00e3o, de metal, com corrente, de ombro, de luxo"},"content":{"rendered":"<pre>\nESPECIFICA&Ccedil;&Otilde;ES\n\n\nMarca: Permanentemente\n\nTipo de bolsas: bolsas mensageiro\n\nMaterial Principal: Met&aacute;lico\n\nMaterial do forro: Acr&iacute;lico\n\nForma: Circular\n\nLocal de origem: Prov&iacute;ncia HE BEI\n\nLocal de origem: prov&iacute;ncia de HE BEI\n\nOrigem: China Continental\n\nCN: Hebei\n\nEscolha: sim\n\nsemi_Choice: sim<\/pre>\n<p>&nbsp;<\/p>\n<div class=\"detailmodule_html\">\n<div class=\"detail-desc-decorate-richtext\">\n<div id=\"offer-template-0\">\n<div style=\", Roboto, Arial, Helvetica, sans-serif, SimSun;font-size:14px;font-weight:400;letter-spacing:normal;line-height:56px;text-align:start;margin:0px;margin-bottom:0px;margin-top:0px;margin-left:0px;margin-right:0px;padding:0px;padding-bottom:0px;padding-top:0px;padding-left:0px;padding-right:0px;height:56px\" align=\"start\">\n<div style=\"margin:0px;margin-bottom:0px;margin-top:0px;margin-left:0px;margin-right:0px;padding:0px;padding-bottom:0px;padding-top:0px;padding-left:0px;padding-right:0px;height:56px\">\n<h1 style=\"font-size:var(--font-size-4);font-weight:var(--font-weight-bold);color:var(--color-grey-10);margin:0px;margin-bottom:0px;margin-top:0px;margin-left:0px;margin-right:0px\" class=\"title--title--RN9Pt03\">Description<\/h1>\n<\/div>\n<div><a style=\"font-size:var(--font-size-2);font-weight:var(--font-weight-bold);color:var(--color-grey-10);background-color:transparent;margin:0px;margin-bottom:0px;margin-top:0px;margin-left:0px;margin-right:0px;padding:0px;padding-bottom:0px;padding-top:0px;padding-left:0px;padding-right:0px\" class=\"description--report--yOtUhBm\" href=\"http:\/\/report.aliexpress.com\/health\/reportIndex.htm?product_id=1005005394689678&amp;b_login_id=cn1527013430ncfc\" target=\"_blank\" rel=\"noopener\">Report Item<\/a><\/div>\n<\/div>\n<div style=\", Roboto, Arial, Helvetica, sans-serif, SimSun;font-size:14px;font-weight:400;letter-spacing:normal;text-align:start;margin:0px;margin-bottom:0px;margin-top:0px;margin-left:0px;margin-right:0px;padding:0px;padding-bottom:0px;padding-top:0px;padding-left:0px;padding-right:0px\" align=\"start\">\n<div style=\"margin:0px;margin-bottom:0px;margin-top:0px;margin-left:0px;margin-right:0px;padding:0px;padding-bottom:0px;padding-top:0px;padding-left:0px;padding-right:0px;max-height:1200px;overflow:hidden;position:relative\">\n<div style=\"margin:0px;margin-bottom:0px;margin-top:0px;margin-left:0px;margin-right:0px;padding:0px;padding-bottom:0px;padding-top:0px;padding-left:0px;padding-right:0px\">\n<div id=\"product-description\" style=\"margin:0px;margin-bottom:0px;margin-top:0px;margin-left:0px;margin-right:0px;padding:0px;padding-bottom:0px;padding-top:0px;padding-left:0px;padding-right:0px;max-width:944px;overflow:hidden;position:relative\">\n<div style=\"margin:0px;margin-bottom:0px;margin-top:0px;margin-left:0px;margin-right:0px;padding:0px;padding-bottom:0px;padding-top:0px;padding-left:0px;padding-right:0px\">\n<div style=\"margin:10px auto 0px;margin-bottom:0px;margin-top:10px;margin-left:auto;margin-right:auto;padding:0px;padding-bottom:0px;padding-top:0px;padding-left:0px;padding-right:0px;max-width:100%\">\n<div style=\"margin:0px;margin-bottom:0px;margin-top:0px;margin-left:0px;margin-right:0px;padding:0px;padding-bottom:0px;padding-top:0px;padding-left:0px;padding-right:0px\">\n<div style=\"margin:0px;margin-bottom:0px;margin-top:0px;margin-left:0px;margin-right:0px;padding:0px;padding-bottom:0px;padding-top:0px;padding-left:0px;padding-right:0px;width:0px\"><\/div>\n<\/div>\n<\/div>\n<div style=\"margin:0px;margin-bottom:0px;margin-top:0px;margin-left:0px;margin-right:0px;padding:0px;padding-bottom:0px;padding-top:0px;padding-left:0px;padding-right:0px\">\n<p style=\"font-size:13px;font-weight:normal;line-height:inherit;text-align:left;margin:0px;margin-bottom:0px;margin-top:0px;margin-left:0px;margin-right:0px;padding:0px;padding-bottom:0px;padding-top:0px;padding-left:0px;padding-right:0px;width:944px\" align=\"left\"><span style=\"font-family:Arial, Helvetica, sans-serif\"><span style=\"font-size:20px\">Size:\u00a0<br \/>(Width)17cm * (Height)15cm * (Thickness)5cm.<\/p>\n<p>Shoulder Belt Length 120cm<\/p>\n<p>Manual measurement, exist 1-3cm error<\/span><\/span><\/p>\n<div style=\", Roboto, Arial, Helvetica, sans-serif, SimSun;font-size:14px;font-weight:400;letter-spacing:normal;text-align:start;margin:0px;margin-bottom:0px;margin-top:0px;margin-left:0px;margin-right:0px;padding:0px;padding-bottom:0px;padding-top:0px;padding-left:0px;padding-right:0px\" align=\"start\"><span style=\"font-size:22px\">Details:<\/span><\/div>\n<div style=\", Roboto, Arial, Helvetica, sans-serif, SimSun;font-size:14px;font-weight:400;letter-spacing:normal;text-align:start;margin:0px;margin-bottom:0px;margin-top:0px;margin-left:0px;margin-right:0px;padding:0px;padding-bottom:0px;padding-top:0px;padding-left:0px;padding-right:0px\" align=\"start\"><span style=\"font-size:22px\">COLOR:GOLD,SILVER,BLACK.<\/span><\/div>\n<div style=\", Roboto, Arial, Helvetica, sans-serif, SimSun;font-size:14px;font-weight:400;letter-spacing:normal;text-align:start;margin:0px;margin-bottom:0px;margin-top:0px;margin-left:0px;margin-right:0px;padding:0px;padding-bottom:0px;padding-top:0px;padding-left:0px;padding-right:0px\" align=\"start\"><span style=\"font-size:22px\">Note: 1 Inch=2.54 CM; 1 CM=0.39 Inch , Due to different batches, bag&#x27;s liner may be different. Fashion designer and good price, please rest assured purchase. ( All pictures are actual photos. But due to the different light and monitor setting, minor color difference maybe exist. Thank you for understanding. )<\/span><\/div>\n<\/div>\n<\/div>\n<\/div>\n<\/div>\n<\/div>\n<\/div>\n<\/div>\n<div>\u00a0<\/div>\n<div style=\"width:790px\"><img decoding=\"async\" src=\"https:\/\/ae01.alicdn.com\/kf\/S664c345cce194a43890158b414430dcfS.jpg?width=750&amp;height=776&amp;hash=1526\" useMap=\"#_sdmap_4\" \/><img decoding=\"async\" src=\"https:\/\/ae01.alicdn.com\/kf\/S0698768302d6492d9a67920f02155eb0Z.jpg?width=750&amp;height=726&amp;hash=1476\" useMap=\"#_sdmap_5\" \/><img decoding=\"async\" src=\"https:\/\/ae01.alicdn.com\/kf\/S24e36e8bc34e480e9e7d8650f443ccc5n.jpg?width=750&amp;height=727&amp;hash=1477\" useMap=\"#_sdmap_6\" \/><img decoding=\"async\" src=\"https:\/\/ae01.alicdn.com\/kf\/Seb6843f0ee504becbffec064ed75758ao.jpg?width=750&amp;height=727&amp;hash=1477\" useMap=\"#_sdmap_7\" \/><img decoding=\"async\" src=\"https:\/\/ae01.alicdn.com\/kf\/Sf04f22a5d03d4170b7232dae74b2699c9.jpg?width=750&amp;height=727&amp;hash=1477\" useMap=\"#_sdmap_8\" \/><img decoding=\"async\" src=\"https:\/\/ae01.alicdn.com\/kf\/Sf709ac8bff1846fe9eced1bcda88a476m.jpg?width=750&amp;height=727&amp;hash=1477\" useMap=\"#_sdmap_9\" \/><img decoding=\"async\" src=\"https:\/\/ae01.alicdn.com\/kf\/S326b66b8878944f69b8d43fcb9eeba28Z.jpg?width=750&amp;height=727&amp;hash=1477\" useMap=\"#_sdmap_10\" \/><img decoding=\"async\" src=\"https:\/\/ae01.alicdn.com\/kf\/Sc31ff736183d4afc95cb712c3e0d65b24.jpg?width=750&amp;height=727&amp;hash=1477\" useMap=\"#_sdmap_11\" \/><img decoding=\"async\" style=\"width:100%;height:auto\" width=\"100%\" height=\"auto\" src=\"https:\/\/ae01.alicdn.com\/kf\/Sdc7af441c444428690979ba7d3cbf7b6n.jpg?width=750&amp;height=804&amp;hash=1554\" useMap=\"#_sdmap_1\" \/><img decoding=\"async\" style=\"width:100%;height:auto\" width=\"100%\" height=\"auto\" src=\"https:\/\/ae01.alicdn.com\/kf\/Sd4004185876c4567b3fd455cd7825e34x.jpg?width=750&amp;height=804&amp;hash=1554\" useMap=\"#_sdmap_2\" \/><img decoding=\"async\" style=\"width:100%;height:auto\" width=\"100%\" height=\"auto\" src=\"https:\/\/ae01.alicdn.com\/kf\/S1a52c0f32a124c49af078e4b2ee7aa69O.jpg?width=750&amp;height=804&amp;hash=1554\" useMap=\"#_sdmap_3\" \/><\/div>\n<div>\u00a0<\/div>\n<p><img decoding=\"async\" src=\"https:\/\/ae01.alicdn.com\/kf\/S41214cc02dfa40ab98dff595cba6b19fX.jpg?width=750&amp;height=804&amp;hash=1554\" \/><\/p>\n<p><img decoding=\"async\" src=\"https:\/\/ae01.alicdn.com\/kf\/S80493a60d745405182571324b803fa6dq.jpg?width=750&amp;height=804&amp;hash=1554\" \/><\/p>\n<p><img decoding=\"async\" src=\"https:\/\/ae01.alicdn.com\/kf\/S9c1de022e2204af8bfbdcdba245bb951F.jpg?width=750&amp;height=804&amp;hash=1554\" \/><\/p>\n<p><img decoding=\"async\" src=\"https:\/\/ae01.alicdn.com\/kf\/S1a52c0f32a124c49af078e4b2ee7aa69O.jpg?width=750&amp;height=804&amp;hash=1554\" \/><\/p>\n<div id=\"offer-template-1450686315823\"><\/div>\n<p>\u00a0 &#8230;<\/p>\n<p><\/p>\n<\/div>\n<\/div>\n<p><\/p>\n","protected":false},"excerpt":{"rendered":"<p>ESPECIFICA&Ccedil;&Otilde;ES Marca: Permanentemente Tipo de bolsas: bolsas mensageiro Material Principal: Met&aacute;lico Material do forro: Acr&iacute;lico Forma: Circular Local de origem: Prov&iacute;ncia HE BEI Local de origem: prov&iacute;ncia de HE BEI Origem: China Continental CN: Hebei Escolha: sim semi_Choice: sim &nbsp; Description Report Item Size:\u00a0(Width)17cm * (Height)15cm * (Thickness)5cm. Shoulder Belt Length 120cm Manual measurement, exist [&hellip;]<\/p>\n","protected":false},"featured_media":2976,"comment_status":"open","ping_status":"closed","template":"","meta":[],"product_brand":[],"product_cat":[32],"product_tag":[],"class_list":{"0":"post-2977","1":"product","2":"type-product","3":"status-publish","4":"has-post-thumbnail","6":"product_cat-bolsas","8":"first","9":"instock","10":"shipping-taxable","11":"purchasable","12":"product-type-variable"},"_links":{"self":[{"href":"https:\/\/boutiquerubifenix.com.br\/index.php\/wp-json\/wp\/v2\/product\/2977","targetHints":{"allow":["GET"]}}],"collection":[{"href":"https:\/\/boutiquerubifenix.com.br\/index.php\/wp-json\/wp\/v2\/product"}],"about":[{"href":"https:\/\/boutiquerubifenix.com.br\/index.php\/wp-json\/wp\/v2\/types\/product"}],"replies":[{"embeddable":true,"href":"https:\/\/boutiquerubifenix.com.br\/index.php\/wp-json\/wp\/v2\/comments?post=2977"}],"wp:featuredmedia":[{"embeddable":true,"href":"https:\/\/boutiquerubifenix.com.br\/index.php\/wp-json\/wp\/v2\/media\/2976"}],"wp:attachment":[{"href":"https:\/\/boutiquerubifenix.com.br\/index.php\/wp-json\/wp\/v2\/media?parent=2977"}],"wp:term":[{"taxonomy":"product_brand","embeddable":true,"href":"https:\/\/boutiquerubifenix.com.br\/index.php\/wp-json\/wp\/v2\/product_brand?post=2977"},{"taxonomy":"product_cat","embeddable":true,"href":"https:\/\/boutiquerubifenix.com.br\/index.php\/wp-json\/wp\/v2\/product_cat?post=2977"},{"taxonomy":"product_tag","embeddable":true,"href":"https:\/\/boutiquerubifenix.com.br\/index.php\/wp-json\/wp\/v2\/product_tag?post=2977"}],"curies":[{"name":"wp","href":"https:\/\/api.w.org\/{rel}","templated":true}]}}