{"id":2663,"date":"2024-04-16T15:21:56","date_gmt":"2024-04-16T18:21:56","guid":{"rendered":"https:\/\/boutiquerubifenix.com.br\/index.php\/produto\/batom-lapis-fosco-de-veludo-12-cores-a-prova-dagua-de-longa-duracao-antiaderente-sexy-rosa-vermelho\/"},"modified":"2024-04-16T15:23:19","modified_gmt":"2024-04-16T18:23:19","slug":"batom-lapis-fosco-de-veludo-12-cores-a-prova-dagua-de-longa-duracao-antiaderente-sexy-rosa-vermelho","status":"publish","type":"product","link":"https:\/\/boutiquerubifenix.com.br\/index.php\/produto\/batom-lapis-fosco-de-veludo-12-cores-a-prova-dagua-de-longa-duracao-antiaderente-sexy-rosa-vermelho\/","title":{"rendered":"Batom l\u00e1pis fosco de veludo, 12 cores, \u00e0 prova d&#8217;\u00e1gua, de longa dura\u00e7\u00e3o, antiaderente, sexy, rosa, vermelho."},"content":{"rendered":"<h1>&nbsp;<\/h1>\n<pre>\nESPECIFICA&Ccedil;&Otilde;ES\n\n\nMarca: NoEnName_Null\n\nOrigem: China Continental\n\nN&uacute;mero do certificado: 2019000001\n\nQuantidade: 1pcs\n\nBenef&iacute;cio: f&aacute;cil de usar\n\nTipo: Delineador Labial\n\nIngrediente: &Oacute;leos, ceras, amaciantes, corantes, fragr&acirc;ncias, etc.\n\nPa&iacute;s\/Regi&atilde;o de Fabrica&ccedil;&atilde;o: CHINA\n\nCertifica&ccedil;&atilde;o: GZZZ\n\nGZZZ: YGZWBZ\n\nN&uacute;mero de pe&ccedil;as: COMBO\n\nPESO L&Iacute;QUIDO: 1,8g\n\nTamanho: tamanho completo\n\nN&uacute;mero do modelo: WZX22112102ZUOFILY\n\nQuantidade: 1 unidade\n\nIngrediente: Batom Lipliner Autom&aacute;tico\n\nSuporte: Dropshipping e atacado\n\nCaracter&iacute;stica 1: Cosm&eacute;ticos\n\nCaracter&iacute;sticas 2: Naturais\n\nCaracter&iacute;sticas 3: Longa Dura&ccedil;&atilde;o\n\nCaracter&iacute;sticas 4: Ferramentas de beleza\n\nPrazo de validade: 3 anos<\/pre>\n<div class=\"detailmodule_html\">\n<div class=\"detail-desc-decorate-richtext\">\n<div style=\"margin:10px auto 0 !important;max-width:100% !important\"><img decoding=\"async\" src=\"https:\/\/ae03.alicdn.com\/kf\/Saf292081a2c2471090dd09fc68bdac4fQ.jpg\" style=\"width:932px !important\" \/><\/p>\n<div style=\"margin-top:-74.46% !important\">\n<div style=\"margin-left:0.0% !important;margin-top:0.0% !important;width:25.0% !important\"><img decoding=\"async\" src=\"https:\/\/ae01.alicdn.com\/kf\/H95318541d9874f60969aedcefb61e371U.png?width=233&amp;height=347&amp;hash=580\" style=\"width:233px !important;height:347px !important\" \/><\/a><\/div>\n<div style=\"margin-left:25.0% !important;margin-top:-37.23% !important;width:25.0% !important\"><img decoding=\"async\" src=\"https:\/\/ae01.alicdn.com\/kf\/H95318541d9874f60969aedcefb61e371U.png?width=233&amp;height=347&amp;hash=580\" style=\"width:233px !important;height:347px !important\" \/><\/a><\/div>\n<div style=\"margin-left:50.0% !important;margin-top:-37.23% !important;width:25.0% !important\"><img decoding=\"async\" src=\"https:\/\/ae01.alicdn.com\/kf\/H95318541d9874f60969aedcefb61e371U.png?width=233&amp;height=347&amp;hash=580\" style=\"width:233px !important;height:347px !important\" \/><\/a><\/div>\n<div style=\"margin-left:75.0% !important;margin-top:-37.23% !important;width:25.0% !important\"><img decoding=\"async\" src=\"https:\/\/ae01.alicdn.com\/kf\/H95318541d9874f60969aedcefb61e371U.png?width=233&amp;height=347&amp;hash=580\" style=\"width:233px !important;height:347px !important\" \/><\/a><\/div>\n<div style=\"margin-left:0.0% !important;margin-top:0.0% !important;width:25.0% !important\"><img decoding=\"async\" src=\"https:\/\/ae01.alicdn.com\/kf\/H95318541d9874f60969aedcefb61e371U.png?width=233&amp;height=347&amp;hash=580\" style=\"width:233px !important;height:347px !important\" \/><\/a><\/div>\n<div style=\"margin-left:25.0% !important;margin-top:-37.23% !important;width:25.0% !important\"><img decoding=\"async\" src=\"https:\/\/ae01.alicdn.com\/kf\/H95318541d9874f60969aedcefb61e371U.png?width=233&amp;height=347&amp;hash=580\" style=\"width:233px !important;height:347px !important\" \/><\/a><\/div>\n<div style=\"margin-left:50.0% !important;margin-top:-37.23% !important;width:25.0% !important\"><img decoding=\"async\" src=\"https:\/\/ae01.alicdn.com\/kf\/H95318541d9874f60969aedcefb61e371U.png?width=233&amp;height=347&amp;hash=580\" style=\"width:233px !important;height:347px !important\" \/><\/a><\/div>\n<div style=\"margin-left:75.0% !important;margin-top:-37.23% !important;width:25.0% !important\"><img decoding=\"async\" src=\"https:\/\/ae01.alicdn.com\/kf\/H95318541d9874f60969aedcefb61e371U.png?width=233&amp;height=347&amp;hash=580\" style=\"width:233px !important;height:347px !important\" \/><\/a><\/div>\n<\/div>\n<\/div>\n<p><span style=\"font-size:16px\"><span style=\"font-family:Verdana,Geneva,sans-serif\"><\/span><\/span><\/p>\n<p style=\"text-align: left;margin:0\"><span style=\"font-size:18px\"><span style=\"font-family:Comic Sans MS,cursive\"> <strong style=\"font-weight: 700;font-size: 18px;font-style: normal;letter-spacing: normal;text-align: start;text-indent: 0px;text-transform: none;font-family: arial, helvetica, sans-serif\"><span data-spm-anchor-id=\"a2g0o.detail.1000023.i1.2eb35755gb2zyT\" style=\"margin: 0px;padding: 0px;max-width: 100%\">Description:<\/span><\/strong> <\/span><\/span><\/p>\n<p><span style=\"font-size:18px\"><span style=\"font-family:Comic Sans MS,cursive\"> <\/span><\/span> <span style=\"font-size:16px\"><span style=\"font-family:Verdana,Geneva,sans-serif\"><span style=\"font-size:18px\"><span style=\"font-family:Comic Sans MS,cursive\">100% brand new and quality.<br \/>\nAutomatic Lipliner Lipstick.<br \/>\nPortable size, easy to carry.<br \/>\nWaterproof,easy to wear, and natural.<br \/>\nSuitable for professional use or home use.<br \/>\nGood adhesion, can be maintained for a long time bright colors.<\/p>\n<p><strong style=\"font-weight: 700;font-size: 18px;font-style: normal;letter-spacing: normal;text-align: start;text-indent: 0px;text-transform: none;font-family: arial, helvetica, sans-serif\"><span data-spm-anchor-id=\"a2g0o.detail.1000023.i3.2eb35755gb2zyT\" style=\"margin: 0px;padding: 0px;max-width: 100%\">Specifications:<\/span><\/strong><br \/>\nType: Automatic Lipliner&amp; liquid Lipstick<br \/>\nQuantity:1pc<br \/>\nNet Weight:1.8g<br \/>\nShelf life: 3 years<\/p>\n<p><strong style=\"font-weight: 700;font-size: 18px;font-style: normal;letter-spacing: normal;text-align: start;text-indent: 0px;text-transform: none;font-family: arial, helvetica, sans-serif\"><span data-spm-anchor-id=\"a2g0o.detail.1000023.i1.672110a3hjKBhi\" style=\"margin: 0px;padding: 0px;max-width: 100%\">Package Included:<\/span><\/strong><br \/>\n1*Lipstick&nbsp;<\/span><\/span><\/span><\/span><br \/>\n&nbsp;<\/p>\n<p style=\"text-align: left;margin:0\"><strong style=\"font-weight: 700 !important;font-size: 18px;font-style: normal;letter-spacing: normal;text-align: start;text-indent: 0px;text-transform: none;font-family: Arial, Helvetica, sans-serif\"><span data-spm-anchor-id=\"a2g0o.detail.1000023.i3.57041a90aBNKkh\" style=\"margin: 0px;padding: 0px;max-width: 100%\">Note:<\/span><\/strong><br style=\"font-style: normal;font-weight: 400;letter-spacing: normal;text-align: start;text-indent: 0px;text-transform: none;padding: 0px;margin: 0px;font-size: 14px;, sans-serif\"><br \/>\n<span data-spm-anchor-id=\"a2g0o.detail.1000023.i2.2a80200dYxl9Ux\" style=\"margin: 0px;padding: 0px;max-width: 100%;, cursive;font-size: 18px;font-style: normal;font-weight: 400;letter-spacing: normal;text-align: start;text-indent: 0px;text-transform: none\"><span data-spm-anchor-id=\"a2g0o.detail.1000023.i0.18ce2397TYv9da\" style=\"margin: 0px;padding: 0px;max-width: 100%\">Due to the difference between different monitors, the pictures may not reflect the actual color .<br style=\"padding: 0px;margin: 0px\"><br \/>\nCompare the detail sizes with yours, please allow 1-3cm error, due to manual measurement&nbsp;<span style=\"margin: 0px;padding: 0px;max-width: 100%;, cursive;font-size: 18px;font-style: normal;font-weight: 400;letter-spacing: normal;text-align: start;text-indent: 0px;text-transform: none;float: none\">zuofily.<\/span><br style=\"padding: 0px;margin: 0px\"><br \/>\nPlease leaving a message before you give the bad feedback, if the products have some problems.<br style=\"padding: 0px;margin: 0px\"><br \/>\nThanks for your understandings.<\/p>\n<p><span style=\"margin: 0px;padding: 0px;max-width: 100%;font-style: normal;font-weight: 400;letter-spacing: normal;text-align: start;text-indent: 0px;text-transform: none;font-family: verdana, geneva, sans-serif;font-size: 16px\"><span style=\"margin: 0px;padding: 0px;max-width: 100%\"><span style=\"margin: 0px;padding: 0px;max-width: 100%;font-size: 18px\"><span style=\"margin: 0px;padding: 0px;max-width: 100%;, cursive\"><strong style=\"font-weight: 700 !important\"><span style=\"margin: 0px;padding: 0px;max-width: 100%\">Zuofily *After Sales Service*<\/span><\/strong><\/span><\/span><\/span><\/span><span style=\"margin: 0px;padding: 0px;max-width: 100%;font-style: normal;font-weight: 400;letter-spacing: normal;text-align: start;text-indent: 0px;text-transform: none;font-family: verdana, geneva, sans-serif;font-size: 16px\"><span style=\"margin: 0px;padding: 0px;max-width: 100%\"><span style=\"margin: 0px;padding: 0px;max-width: 100%;font-size: 18px\"><span data-spm-anchor-id=\"a2g0o.detail.1000023.i2.34671a2a5eYBqe\" style=\"margin: 0px;padding: 0px;max-width: 100%;, cursive\"><br \/>\nIf you receive the damageddincorrect or miss item, please contact us, we will try our best to assist you.Your satisfaction is our motivation!<\/span><\/span><\/span><\/span><\/span><\/span><\/p>\n<p style=\"margin: 0px;text-align: center\"><img decoding=\"async\" src=\"https:\/\/ae01.alicdn.com\/kf\/Sa286eeea0e9b4411afe5aefa54a77509s.jpg?width=800&amp;height=1286&amp;hash=2086\"><img decoding=\"async\" src=\"https:\/\/ae01.alicdn.com\/kf\/S6ed9e8b86c5c4607aada15402a74da423.jpg?width=800&amp;height=989&amp;hash=1789\"><img decoding=\"async\" src=\"https:\/\/ae01.alicdn.com\/kf\/S3c996f18d99d4addaefef41e536f6873u.jpg?width=800&amp;height=1086&amp;hash=1886\"><img decoding=\"async\" src=\"https:\/\/ae01.alicdn.com\/kf\/S7043fffc90f24ba48381c1e2114d5ee6J.jpg?width=800&amp;height=1085&amp;hash=1885\"><img decoding=\"async\" src=\"https:\/\/ae01.alicdn.com\/kf\/S30ccf2f6511244f491393bd66d59db291.jpg?width=800&amp;height=1078&amp;hash=1878\"><img decoding=\"async\" src=\"https:\/\/ae01.alicdn.com\/kf\/Sefb53f4464224613ad0a71c31e210479L.jpg?width=800&amp;height=1026&amp;hash=1826\"><img decoding=\"async\" src=\"https:\/\/ae01.alicdn.com\/kf\/S7a55733bf3b442a6894097b27c3897680.jpg?width=800&amp;height=1055&amp;hash=1855\"><img decoding=\"async\" src=\"https:\/\/ae01.alicdn.com\/kf\/S6f540bcc4fe74066b4e814230327cf86Y.jpg?width=800&amp;height=1268&amp;hash=2068\"><img decoding=\"async\" src=\"https:\/\/ae01.alicdn.com\/kf\/Sfd6720096d644b4ea8e7d0498b71d5c8Y.jpg?width=800&amp;height=983&amp;hash=1783\"><img decoding=\"async\" src=\"https:\/\/ae01.alicdn.com\/kf\/Sbe15c7f0481046a3afa9fbb083192987p.jpg?width=800&amp;height=1106&amp;hash=1906\"><img decoding=\"async\" src=\"https:\/\/ae01.alicdn.com\/kf\/S6e1d0fc623674b26a6269345f2b2bd25t.jpg?width=800&amp;height=536&amp;hash=1336\"><\/p>\n<p><span style=\"font-size:18px\"><span style=\"font-family:Comic Sans MS,cursive\"><\/span><\/span><\/div>\n<\/div>\n","protected":false},"excerpt":{"rendered":"<p>&nbsp; ESPECIFICA&Ccedil;&Otilde;ES Marca: NoEnName_Null Origem: China Continental N&uacute;mero do certificado: 2019000001 Quantidade: 1pcs Benef&iacute;cio: f&aacute;cil de usar Tipo: Delineador Labial Ingrediente: &Oacute;leos, ceras, amaciantes, corantes, fragr&acirc;ncias, etc. Pa&iacute;s\/Regi&atilde;o de Fabrica&ccedil;&atilde;o: CHINA Certifica&ccedil;&atilde;o: GZZZ GZZZ: YGZWBZ N&uacute;mero de pe&ccedil;as: COMBO PESO L&Iacute;QUIDO: 1,8g Tamanho: tamanho completo N&uacute;mero do modelo: WZX22112102ZUOFILY Quantidade: 1 unidade Ingrediente: Batom Lipliner [&hellip;]<\/p>\n","protected":false},"featured_media":2662,"comment_status":"open","ping_status":"closed","template":"","meta":[],"product_brand":[],"product_cat":[30],"product_tag":[],"class_list":{"0":"post-2663","1":"product","2":"type-product","3":"status-publish","4":"has-post-thumbnail","6":"product_cat-maquiagem","8":"first","9":"instock","10":"shipping-taxable","11":"purchasable","12":"product-type-variable"},"_links":{"self":[{"href":"https:\/\/boutiquerubifenix.com.br\/index.php\/wp-json\/wp\/v2\/product\/2663","targetHints":{"allow":["GET"]}}],"collection":[{"href":"https:\/\/boutiquerubifenix.com.br\/index.php\/wp-json\/wp\/v2\/product"}],"about":[{"href":"https:\/\/boutiquerubifenix.com.br\/index.php\/wp-json\/wp\/v2\/types\/product"}],"replies":[{"embeddable":true,"href":"https:\/\/boutiquerubifenix.com.br\/index.php\/wp-json\/wp\/v2\/comments?post=2663"}],"wp:featuredmedia":[{"embeddable":true,"href":"https:\/\/boutiquerubifenix.com.br\/index.php\/wp-json\/wp\/v2\/media\/2662"}],"wp:attachment":[{"href":"https:\/\/boutiquerubifenix.com.br\/index.php\/wp-json\/wp\/v2\/media?parent=2663"}],"wp:term":[{"taxonomy":"product_brand","embeddable":true,"href":"https:\/\/boutiquerubifenix.com.br\/index.php\/wp-json\/wp\/v2\/product_brand?post=2663"},{"taxonomy":"product_cat","embeddable":true,"href":"https:\/\/boutiquerubifenix.com.br\/index.php\/wp-json\/wp\/v2\/product_cat?post=2663"},{"taxonomy":"product_tag","embeddable":true,"href":"https:\/\/boutiquerubifenix.com.br\/index.php\/wp-json\/wp\/v2\/product_tag?post=2663"}],"curies":[{"name":"wp","href":"https:\/\/api.w.org\/{rel}","templated":true}]}}